at is the units digit of p?
8
Let m = -6 - -6. Suppose m = -2*h + 6. What is the units digit of h?
3
What is the tens digit of (-1)/6*-2 - (-52576)/186?
8
Let i(h) = 8*h - 1. Let q(n) = 17*n - 2. Let m(v) = 9*i(v) - 4*q(v). Let j be m(1). Suppose -z - 2 = -b, 0 = 3*b - 5*z - 1 - j. What is the units digit of b?
3
Let c = 211 + -87. What is the units digit of c?
4
Let s(a) = -21*a**3 + a. Let d be s(-1). Suppose 2*r - 18 = -g - 3*g, 4*r - d = -4*g. What is the units digit of r?
1
Let g = 0 - -4. Suppose 0 = 3*l - 5*j - 6, -2*l + 0*l + 4 = -g*j. Suppose -3*r + 2*k + 92 = 2*r, 3*r - l*k = 56. What is the tens digit of r?
1
Suppose -2*v + 55 = -0*v + 5*c, 5*v - 153 = 3*c. What is the tens digit of v?
3
What is the tens digit of 4/8*-2 + 27?
2
Let b = 41 - 14. What is the units digit of b?
7
Let m be (-2 + -1)/(-3) - -30. Suppose -5*j + 2*c + m + 24 = 0, -c + 13 = 2*j. What is the units digit of j?
9
Let z = 3 - 3. Suppose j = -z*j + 8. What is the units digit of j?
8
Let u = -8 - -11. Suppose -o + 0*o - 47 = -4*l, -u*l + 31 = -5*o. What is the tens digit of l?
1
Let l(g) = 3*g**2 + 4*g - 17. Let m(n) = -2*n**2 - 2*n + 9. Let q(i) = -3*l(i) - 5*m(i). What is the tens digit of q(6)?
3
Let y(s) = s**2 - 4*s - 4. Let m be y(6). Suppose 0 = -4*n - m + 28. What is the units digit of n?
5
Let l = -5 - -7. Let g(z) = 6*z - 6*z**l - 2*z**3 - 4 + 5*z**3 - 2*z**3. What is the units digit of g(5)?
1
Let u = 20 - 41. Let t = -1 + 2. What is the units digit of (u/(-12))/(t/4)?
7
Suppose 0 = i - 0*i - 2. Let r(z) = z**3 - 3*z**2 + z + i*z**2 + 0*z**3 - 1. What is the units digit of r(2)?
5
Suppose 3*h = 2*b + 585, h - 5*b + b - 205 = 0. What is the hundreds digit of h?
1
Suppose -2*u + 226 = u - 5*t, 0 = -5*u + 4*t + 355. What is the units digit of u?
7
Suppose 2*v + 5*y = 3*y - 16, -y = 4*v + 20. What is the units digit of (-1)/v - (-108)/16?
7
Let u = -18 + 35. What is the tens digit of u?
1
Suppose 3*d + 12 = x + 1, -x = d + 1. Suppose x*i + 4*r = 3*i - 24, -2*i + 5*r + 42 = 0. What is the units digit of i?
6
Let w = 38 + -26. Suppose -2*y - y = -w. What is the units digit of y/(-6) + (-14)/(-3)?
4
Suppose 3*s - 4*r = 6, -2*r = -s - 0*r. Suppose -o + 4*o = s. Suppose -2*h + 32 = o*h. What is the units digit of h?
8
Let z be 84/(-16) + 1/4. Let p = -1 - z. Suppose -48 = t - p*t. What is the tens digit of t?
1
Let f be ((-2)/(-4))/((-4)/(-16)). Let w = 0 + f. What is the units digit of w?
2
Let c be -3 + 26 - (1 + -4). Let t = -16 + c. What is the units digit of ((-12)/(-10))/(4/t)?
3
Let n = 1 - -7. Let m = -2 + n. What is the units digit of m?
6
Let w(r) = r**3 + 5*r**2 - 7*r - 6. Let b be w(-6). Suppose -3*x + 4 + 2 = 0. Suppose b*a + 14 = x*a. What is the units digit of a?
7
Suppose u = -3*u + 12. What is the units digit of 1 + (u - (-3 + 3))?
4
Let u(l) = -3*l + 1. Let n be u(-3). Suppose -3*p - 5*r + 12 = 0, 3*r = 3*p + 2 + n. What is the units digit of p/((-1)/8) + 3?
1
Let i(c) be the second derivative of 3/10*c**5 - 1/3*c**3 + 2*c + 1/6*c**4 + 1/2*c**2 + 0. What is the units digit of i(1)?
7
Suppose -g + 14 = p - 2*p, -5*p + 14 = 2*g. What is the units digit of g?
2
Suppose 0 = -2*w + 3*w. Suppose -3*s + 9 = 0, w*y = -2*y - 2*s + 26. Let t = y - 1. What is the units digit of t?
9
Let i be ((-6)/1)/(3/2). Let y = -3 - i. Suppose -19 + y = -2*w. What is the units digit of w?
9
Suppose -c - 3*c + 12 = 0. Suppose 2*h + c*t = 2*t + 5, -5*h + t + 30 = 0. What is the units digit of (-14)/(-10) + (-2)/h?
1
Suppose -4*p = 1 - 9. Suppose -5*g - 3*r = -1, 5*g - 3*r = -8 - 3. What is the units digit of 34/4 + g/p?
8
Suppose 2*d + 3*t + 11 = 6*d, 4*d = 2*t + 14. What is the units digit of d?
5
Suppose v + 6 = 32. What is the tens digit of v?
2
Let g(p) = p**3 + 7*p**2 - p - 7. Let m be g(-7). Suppose m*k = 4*k. Let v(a) = a + 14. What is the tens digit of v(k)?
1
Let v = 416 - 244. What is the units digit of v?
2
Let i = 2 - 0. Let b(d) = 5*d**2 - d + 2. What is the tens digit of b(i)?
2
Let y = -10 + 15. Suppose -3*g - 4*a + 3*a = -80, y*g - 3*a - 138 = 0. What is the units digit of g?
7
Let v = 10 + -18. Let r(d) = d**2 + 8*d - 1. Let q be r(-5). Let c = v - q. What is the units digit of c?
8
Let r = -5 - -5. Let s be r - 2 - 8/(-1). Suppose -g + 12 = 3*b, -4*b - 3*g - 8 = -s*b. What is the units digit of b?
4
Suppose -4*c + 89 = r - 4, -2*c - 2*r = -42. What is the units digit of c?
4
Let q(d) = -6*d - 12. Suppose -3*u = -0*u + 18. What is the tens digit of q(u)?
2
Let h(m) = m - 4. Let y(w) = 1. Let l(o) = h(o) + 5*y(o). What is the units digit of l(2)?
3
Let u(l) = 2*l**2 + l - l**3 + 0*l**2 + 1 + 0*l**2. Let o be u(2). Suppose -q + n = -4, 0 = -0*q - o*q + 5*n + 14. What is the units digit of q?
3
Let h = -2 - -4. Let v be 1*(6 + (-8)/4). Let w = h + v. What is the units digit of w?
6
Let z = 10 - 8. Suppose 2*v - 3*v = -15. Suppose -z*y + v - 3 = 0. What is the units digit of y?
6
Let p(v) = -v**2 - 5*v + 7. Let o be p(-6). Let c be 3*o/3 - 29. What is the units digit of (-58)/(-7) + 8/c?
8
Suppose i - 5*i - 40 = 0. Suppose g = 0, 5*v + 0*g + 2*g + 5 = 0. What is the units digit of 12/i*(-4 + v)?
6
Suppose 0 = 3*a + 6*a - 702. What is the units digit of a?
8
Let r = 1 - 1. Suppose r = -2*v + 5*v - 33. What is the tens digit of v?
1
Suppose d + 3*k + 5 = -d, 0 = 2*d - 3*k + 11. Let c be (-80)/(-14) - d/14. Suppose -c = -2*i + 8. What is the units digit of i?
7
Let f = -16 - -36. Suppose -5*x = -0*x - 4*o - f, -x + 4*o = 12. What is the units digit of x?
8
Let q be 3/(-2)*4/(-3). Suppose 0 = q*r + w - 31, -w + 0*w - 53 = -4*r. What is the tens digit of r?
1
What is the units digit of 2/(-14) - (-9385)/35?
8
Let s(n) = -n**3 - 15*n**2 + 6. What is the units digit of s(-15)?
6
Let q(f) = f**3 - 8*f**2 + 8*f - 6. Let y be q(7). What is the tens digit of y*(3 - (-32 - 0))?
3
Let n(x) = -x**3 + 19*x**2 - 11*x - 3. What is the hundreds digit of n(18)?
1
Suppose -5*h + 25 + 10 = 4*b, b - 2 = h. Suppose h*p + 7 - 115 = 0. What is the tens digit of p?
3
Let r be (1 - (-4)/3)*27. Suppose r = 3*t - 45. What is the units digit of t?
6
Suppose -44 = -v - 13. What is the units digit of v?
1
Let h = -26 + 14. Let t = h - -23. What is the tens digit of t?
1
Suppose -5*b + 8 + 2 = 0. Let x = 44 - b. What is the units digit of x?
2
Suppose 4*b + 4*a = 2*b + 238, 226 = 2*b - 2*a. What is the hundreds digit of b?
1
Let p(z) = -z**2 - 3*z - 3. Let n be p(-3). Let k = n + 7. Suppose -3*l = k*v - 23, -5*v - 25 = -3*l + 34. What is the units digit of l?
3
Let n(q) = 20*q - 5. Let w(x) = -10*x + 2. Let f(a) = -2*n(a) - 5*w(a). What is the units digit of f(1)?
0
Suppose 21 = -4*f - 3*r, -2*f - 6 = -f + r. What is the units digit of -45*((-2)/f - 1)?
5
Let o(a) = 64*a**2 + 9*a - 18. What is the tens digit of o(2)?
5
Suppose 5*j - 317 = 218. What is the tens digit of j?
0
Suppose -2 = 2*l - 28. Let a be 14/(-4) - (-1)/2. Let z = a + l. What is the units digit of z?
0
Let z(c) = 2*c**2 - 8*c - 6. What is the hundreds digit of z(-6)?
1
Let o(y) = 5*y - 2*y + 4 - 2*y + 3*y + y**2. Suppose 0*h - h - 3 = 0. What is the units digit of o(h)?
1
Let p = -12 + 12. Suppose p = -n + 4*v + 15 + 6, 5*n = 5*v + 45. What is the units digit of n?
5
Let i = 5 + -2. Suppose 4*y + 10 + 2 = v, 0 = i*v + 2*y + 6. Suppose b = -3*m, -2*b - 2*m - 3*m + 5 = v. What is the units digit of b?
5
Let l(q) = -q**3 - 3*q**2 + 2*q - 1. What is the tens digit of l(-5)?
3
Suppose 0 = 4*p + 5*u - 6, -5*u - 12 = -4*p + 14. Suppose 0 = -4*d + 1 + 95. Suppose -s + 4*s = -p*c + 29, -3*s - 3*c = -d. What is the units digit of s?
3
Let g(k) = k**3 - 9*k**2 - 15*k - 15. What is the units digit of g(11)?
2
Suppose 3*p = 3*b - b - 57, 26 = b - 2*p. What is the tens digit of b?
3
Let k be (-3 + -1)/(-2) - 1. Suppose -5*b - 3*m = 0, -2*b - m + 0 = -k. What is the units digit of b?
3
Let n(t) = -t**3 - 4*t**2 + 1 - 3*t - 6 - 3*t**2 - 5. What is the units digit of n(-7)?
1
Suppose 0 = -2*j - 0*j. Suppose -2*k = -j*k - 12. What is the units digit of k?
6
Suppose 0*k - 21 = -3*k. Suppose -d = -5*y + 26, 3*y - 4*y + k = -2*d. Let n = 14 + y. What is the units digit of n?
9
Let c(y) be the second derivative of y**4/12 + y**3/6 - 2*y**2 + y. Suppose -2*l + z = -6, 3*l - 2*z = -2*l + 15. What is the units digit of c(l)?
8
Let u(f) = -f**